*i + 19 = k*o, -2*i = -6. What is the units digit of o?
5
What is the thousands digit of -9529*(-28 + 27) - 9/(-1)?
9
Suppose -107*g + 83450 = -82*g. What is the hundreds digit of g?
3
Let y(c) = 2*c**2 + 8*c + 66. Let z be y(39). Suppose -z = -87*n + 82*n. What is the units digit of n?
4
Suppose 56*a = 63*a - 2737. Suppose 3*g = t - 81, 5*t + 6*g - a = 7*g. What is the units digit of t?
8
Suppose 0 = 2*o + 89 - 93, w = -2*o + 10245. What is the tens digit of w?
4
Let q = 16 + -56. Let h = -40 - q. What is the units digit of h - 4/(-26) - 19350/(-130)?
9
Let b = 2633 + -882. Suppose 6*d - b = 2005. What is the units digit of d?
6
Suppose 1626265 - 545109 = 124*o. What is the hundreds digit of o?
7
Let o = -186 + 183. What is the tens digit of (o - (-3 + -4)) + 430?
3
Suppose 0 = -14*w + 15*w - 570. Let d = -376 + w. What is the units digit of d?
4
Let y(m) = m**3 - 17*m**2 - 39*m + 25. Let q be y(19). Suppose 4*o - 516 = -4*f, 5*f = 4*o + q*f - 501. What is the units digit of o?
4
Let s be (5 - 5)/((-14)/7). What is the units digit of 2 - -272 - s/(-4)?
4
Suppose 15*n + 324 = 9564. Suppose -9*u + 7*u = -2*v + n, -v + 5*u = -312. What is the units digit of v?
7
Suppose -1018*j - 16506 = -1039*j. What is the hundreds digit of j?
7
Suppose 0 = y + 2*y + 2*t - 26, 5*y + 2*t = 38. What is the tens digit of 737 + (3/y*-2 - 1)?
3
Let v = 27 + -27. Let l be -4 + v - (1 - 106). Let n = 148 - l. What is the units digit of n?
7
Let y = 62 - 92. What is the hundreds digit of y/(-54)*6*84?
2
Suppose -2196660 = -149*m - 44*m + 7*m. What is the tens digit of m?
1
Suppose -23*r + 5454 = 4*r. What is the tens digit of (-2)/(0 + (-5 - -3))*r?
0
Suppose -117*l = -109*l + 432. Let c(x) = -13*x - 1. Let i be c(4). Let m = i - l. What is the units digit of m?
1
Suppose 26*w - 3720 = 286492. What is the units digit of w?
2
What is the tens digit of (4 + -538)/(-1 - (-95)/110)?
1
Let t(m) = -m**3 - 18*m**2 + 17*m - 34. Suppose 9*o - 76 = 13*o. Let f be t(o). Suppose 0 = 3*d + 2*d - f*z - 988, 4*z = 12. What is the hundreds digit of d?
2
Let x be (-1 + 2)*(-43 - -1). Suppose 2*o - 197 = 3*u, 18*u = -5*o + 14*u + 481. Let s = x + o. What is the units digit of s?
5
Suppose -16*m = -147684 - 1884. What is the units digit of m?
8
Let c(i) = -1556*i - 1360. What is the hundreds digit of c(-7)?
5
Suppose -113*u - 161 = -120*u. Suppose u*a + 2*w + 3556 = 28*a, 3*w = a - 719. What is the tens digit of a?
1
Let b = -781 - -1110. Suppose 4*w = -3*h - b, -h - h - 223 = -w. Let r = -68 - h. What is the units digit of r?
3
Let t(g) = g**3 - 12*g**2 + 12*g + 15. Let o be t(10). Let a = o + 67. Suppose a*w + 4*d = 238, 0 = 5*w - 3*d - 115 - 441. What is the hundreds digit of w?
1
Let n be 117*(5/30 - (-77)/6). Let i = n + -1042. What is the hundreds digit of i?
4
Let r = 7509 - -11444. What is the units digit of r?
3
Let g(p) = 418*p + 64. Suppose -k - 5*f = 23, -3*k + 2*k - 3*f = 13. What is the units digit of g(k)?
0
Let g(m) = 9*m**3 + 5*m**2 - 6*m + 2. Let c be g(4). Suppose 0 = -5*n + 3*n + c. What is the tens digit of n?
1
Let h = 43 - 17. Suppose 5*w = -u + 3 + h, 0 = -4*w - 5*u + 40. Let y(n) = n**3 - 8*n + 24. What is the tens digit of y(w)?
0
Let v(q) = q - 6 - 7*q - 4*q + 37. Let t be v(-9). Suppose 6*s = 167 + t. What is the units digit of s?
8
Suppose w = 365 - 45. Let p = w + -188. Suppose -5*z - 104 = -2*u - 453, 3*u - p = -2*z. What is the units digit of z?
9
Let a(t) = 1874*t**2 - 34. Let v(n) = 750*n**2 - 14. Let l(r) = 5*a(r) - 12*v(r). What is the hundreds digit of l(-2)?
4
Let u = -7974 + 14048. What is the hundreds digit of u?
0
Let u = -4990 + 11012. What is the hundreds digit of u?
0
Let s(m) = m + 1. Let b(o) = 2*o**2 + 4. Let a(d) = b(d) + 6*s(d). Let h be a(-2). Let v(f) = 5*f**2 - 3*f - 17. What is the units digit of v(h)?
5
Suppose 105*d + 80 = 110*d. Suppose -9*a + d = -20. Suppose 0 = -5*g - 3*i + i + 422, 0 = -a*g + 5*i + 364. What is the tens digit of g?
8
Suppose d - 25 = 2*x + 227, -2*d + 499 = -3*x. What is the tens digit of d?
4
Let y be ((-18)/10)/(12/(-120)). Let z = y + -18. Let w(i) = -i**2 + 17. What is the units digit of w(z)?
7
What is the hundreds digit of 6 + 21/(-7) + 8895?
8
Let h(x) = x**2 - 16*x - 14. Let r be h(17). Let n be (-1)/(-4) + r/12*19. Suppose -5*t = -n*l - 30, -4*t + 38 - 8 = -2*l. What is the units digit of t?
9
Suppose 2*v = 6463 - 585. Suppose 3*d + 5*f - 3675 = -2*d, 3*f = -4*d + v. What is the units digit of d?
4
Let i(m) = 154*m**2 - 38*m - 569. What is the hundreds digit of i(-11)?
4
Let k(f) = 84*f**2 - 5*f - 8. Let b(h) = h**3 + 21*h**2 + 21*h + 18. Let z be b(-20). What is the hundreds digit of k(z)?
3
Let j be (-288)/(-45) - (-3)/5. Suppose 4*t + r - 32 = -j, 2*r = t + 5. Suppose -9*p + 100 = t*o - 4*p, 4*o - 5*p - 44 = 0. What is the tens digit of o?
1
Let h(p) = -p**2 - 11*p + 30. Let k be h(-13). Suppose -12 = 4*t, 4*w = 3*w - k*t + 157. Let c = w - 57. What is the hundreds digit of c?
1
Suppose 4*r + 245 = 6*r + 5*t, 0 = r + 4*t - 121. Suppose -3*o + 715 = -r. What is the tens digit of o?
8
Suppose 0 = -42*k + 842262 + 698172. What is the hundreds digit of k?
6
Suppose -102*i + 99*i + 26363 = 4*w, -4*w + 26364 = 4*i. What is the tens digit of w?
9
Let a(m) = -112*m + 264*m - m**2 - 116*m + 49. What is the hundreds digit of a(22)?
3
Let y(x) = x**2 + 7*x + 9. Let f be y(-6). Suppose -2*b = f*b - 35. What is the units digit of (-2)/b + (-636)/(-21)?
0
Suppose 141840 = -4*k + 47*k - 19*k. What is the thousands digit of k?
5
Let v(a) = a**2 - 28*a + 35. Let i be v(25). Let z = -36 - i. Suppose -z*j + 4*s + 588 = 0, 5*j + 5*s - 249 = 536. What is the units digit of j?
2
Suppose 3*f = 15, -3*s - f - 1 = 3. Let o(z) = -4*z**2 + 5*z + 45. Let j(i) = -2*i**2 + 3*i + 22. Let g(c) = s*o(c) + 5*j(c). What is the units digit of g(10)?
5
Suppose 24*v - 2*v = 1188. Let g be 4/(-3) - 1/(-3). What is the units digit of g - v/15*20/(-3)?
3
Let g(k) be the third derivative of -25*k**4/8 + 25*k**3/2 - 26*k**2. What is the tens digit of g(-13)?
5
Suppose 42*w = 37*w - 15. What is the tens digit of w*1/(-3) + 3 - -282?
8
Let o be 6 + 98/(-7) + 1. What is the tens digit of (-4644)/(-63) - 2/o - 0?
7
Let c(b) = -33 + b + 2*b**2 + b + 2*b + 0. What is the units digit of c(-15)?
7
Suppose -29*q + 90 = -26*q. Let p = -24 + q. Suppose 5*w - 295 = -p*h + 3*h, 4*h = -w + 59. What is the tens digit of w?
5
What is the thousands digit of -2 + 4280 - (-8)/(16/(-18))?
4
Suppose 2*b - 2 = -2*g, 25 = 5*g - 5*b - 20. What is the tens digit of g/3*(-14067)/(-45)?
2
Suppose 0 = 6*o - 26*o + 32560. Suppose -2*q + 453 = -2*s - 361, 0 = 4*q - 3*s - o. What is the tens digit of q?
0
Let j = 37728 + -20474. What is the thousands digit of j?
7
Suppose -5*f - 3*q = 9003, -4*f - 4*q - 9017 = -1821. Let r = -1266 - f. What is the tens digit of r?
3
Let y = 43826 - 25064. What is the tens digit of y?
6
Let t(l) = l**3 - 24*l**2 + 45*l - 19. Let w be t(22). Suppose i - 470 = w*c, 3*c = -c. What is the tens digit of i?
7
Let w(s) = 25*s - 2*s + 16*s**2 - 31 - s**3 + 6 - 26*s**2. What is the units digit of w(-15)?
5
Suppose -3*d + 6*d - 27 = -4*z, 0 = -4*z + 5*d - 13. Suppose -4*p + 909 = z*i, i = -p - 3*i + 211. What is the tens digit of p?
3
Suppose 347*q + 183*q - 8516570 = 0. What is the ten thousands digit of q?
1
Let o be 84/(-56) + 3820/8. Let n be (2/3)/((-14)/(-63)). Suppose 6*x = 10*x + n*y - o, -2*x + 5*y = -238. What is the tens digit of x?
1
Let u be ((-15)/12)/(205/68 + -3). Let r be u/(-34) + (-2)/(-4). Suppose o - r = 2*o, -4*h + 3*o = -129. What is the tens digit of h?
3
Suppose 31*t = -29*t + 5*t + 1127170. What is the tens digit of t?
9
Suppose 5*l = 5*n + 7600 - 2350, 0 = -4*l + 2*n + 4208. Suppose 17*i - l = 2499. What is the units digit of i?
9
Suppose -8*y + 638 = 1918. What is the hundreds digit of (-3)/(3/y) + (-17)/(-17)?
1
Suppose -q + 0*r + 1 = -r, 0 = -q + 2*r. Let o(j) = 163*j**2 + 21*j**3 + 2*j - j - 2*j + 4 - 165*j**2. What is the tens digit of o(q)?
6
Let f = 87 - -120. Suppose 3*s - 156 = s - 5*z, 0 = -s + 2*z + 69. Let t = f - s. What is the tens digit of t?
3
Suppose -7*y - 2*w - 50176 = -12*y, -y + 10043 = -3*w. What is the units digit of y?
4
Let d(a) = -250*a + 64. Suppose -5*s - 24 = -t - 0*t, -2*t = 5*s + 12. Wha